at are the prime factors of 66972?
2, 3, 5581
What are the prime factors of 983370?
2, 3, 5, 32779
What are the prime factors of 267647?
267647
What are the prime factors of 255231?
3, 23, 137
What are the prime factors of 225970?
2, 5, 59, 383
What are the prime factors of 1042320?
2, 3, 5, 43, 101
What are the prime factors of 1917339?
3, 67, 9539
What are the prime factors of 360509?
360509
List the prime factors of 179149.
31, 5779
List the prime factors of 113726.
2, 101, 563
What are the prime factors of 85414?
2, 7, 6101
What are the prime factors of 1598793?
3, 7, 19, 4007
List the prime factors of 324596.
2, 19, 4271
What are the prime factors of 1146338?
2, 307, 1867
List the prime factors of 24943703.
41, 608383
What are the prime factors of 10797255?
3, 5, 7, 151, 227
What are the prime factors of 504556?
2, 13, 31, 313
What are the prime factors of 178189?
11, 97, 167
List the prime factors of 26600567.
7, 3800081
What are the prime factors of 33388499?
33388499
What are the prime factors of 709339?
181, 3919
List the prime factors of 6564226.
2, 809, 4057
What are the prime factors of 1586000?
2, 5, 13, 61
List the prime factors of 2557274.
2, 1278637
What are the prime factors of 38122?
2, 7, 389
What are the prime factors of 239549?
421, 569
List the prime factors of 2445788.
2, 617, 991
What are the prime factors of 334432?
2, 7, 1493
List the prime factors of 394942.
2, 181, 1091
What are the prime factors of 747731?
747731
List the prime factors of 761479.
103, 7393
List the prime factors of 15668872.
2, 223, 8783
List the prime factors of 1246600.
2, 5, 23, 271
List the prime factors of 18385564.
2, 233, 19727
List the prime factors of 222710.
2, 5, 22271
What are the prime factors of 5380112?
2, 31, 10847
List the prime factors of 253984.
2, 7937
What are the prime factors of 232472?
2, 29059
List the prime factors of 509202.
2, 3, 28289
List the prime factors of 5575440.
2, 3, 5, 13, 1787
List the prime factors of 3316824.
2, 3, 7, 6581
List the prime factors of 185066.
2, 7, 13219
List the prime factors of 1558090.
2, 5, 155809
List the prime factors of 153489.
3, 7, 7309
What are the prime factors of 304486?
2, 7, 13, 239
List the prime factors of 6463029.
3, 43, 50101
What are the prime factors of 91711?
91711
List the prime factors of 329005.
5, 29, 2269
List the prime factors of 4472662.
2, 2236331
What are the prime factors of 96713?
17, 5689
What are the prime factors of 4332217?
4332217
List the prime factors of 22816666.
2, 11408333
List the prime factors of 74768.
2, 4673
What are the prime factors of 1541082?
2, 3, 419, 613
List the prime factors of 1290252.
2, 3, 19, 5659
What are the prime factors of 397239?
3, 17, 7789
What are the prime factors of 28846?
2, 14423
What are the prime factors of 21349?
37, 577
List the prime factors of 4411769.
37, 119237
List the prime factors of 911804.
2, 227951
What are the prime factors of 220645?
5, 44129
What are the prime factors of 528972?
2, 3, 17, 2593
List the prime factors of 236712.
2, 3, 7, 1409
List the prime factors of 305701.
11, 27791
What are the prime factors of 997859?
31, 32189
What are the prime factors of 197152?
2, 61, 101
What are the prime factors of 10063717?
10063717
List the prime factors of 9749530.
2, 5, 7, 101, 197
List the prime factors of 242235.
3, 5, 7, 769
List the prime factors of 1248204.
2, 3, 41, 43, 59
What are the prime factors of 2997322?
2, 1498661
List the prime factors of 3415774.
2, 1707887
What are the prime factors of 3195561?
3, 971, 1097
List the prime factors of 262791.
3, 9733
List the prime factors of 169518.
2, 3, 19, 1487
List the prime factors of 3576563.
31, 113, 1021
What are the prime factors of 573873?
3, 23, 8317
What are the prime factors of 12680?
2, 5, 317
List the prime factors of 849636.
2, 3, 7867
List the prime factors of 2590121.
61, 42461
What are the prime factors of 678637?
678637
What are the prime factors of 65715?
3, 5, 13, 337
What are the prime factors of 398970?
2, 3, 5, 11, 13, 31
What are the prime factors of 1657576?
2, 207197
What are the prime factors of 121458?
2, 3, 31, 653
What are the prime factors of 684034?
2, 13, 26309
What are the prime factors of 6148195?
5, 439, 2801
What are the prime factors of 321896?
2, 40237
List the prime factors of 461554.
2, 89, 2593
List the prime factors of 51301.
29, 61
What are the prime factors of 7951441?
109, 72949
What are the prime factors of 15388690?
2, 5, 139, 11071
List the prime factors of 3044625.
3, 5, 23, 353
What are the prime factors of 428570?
2, 5, 17, 2521
What are the prime factors of 816605?
5, 163321
What are the prime factors of 420511?
7, 13, 4621
What are the prime factors of 324286?
2, 162143
What are the prime factors of 1142735?
5, 11, 79, 263
List the prime factors of 2831330.
2, 5, 283133
List the prime factors of 785339.
79, 9941
What are the prime factors of 22605535?
5, 19, 149, 1597
What are the prime factors of 1065682?
2, 23, 23167
List the prime factors of 6303629.
6303629
What are the prime factors of 20487?
3, 6829
What are the prime factors of 1133307?
3, 7, 17989
What are the prime factors of 19087?
19087
What are the prime factors of 904804?
2, 226201
List the prime factors of 176595.
3, 5, 61, 193
List the prime factors of 55985.
5, 11197
What are the prime factors of 25067614?
2, 11, 13, 87649
List the prime factors of 17400695.
5, 13, 53, 5051
What are the prime factors of 641884?
2, 23, 6977
What are the prime factors of 16369817?
97, 168761
What are the prime factors of 3817918?
2, 13, 146843
What are the prime factors of 14695439?
11, 1335949
List the prime factors of 602437.
11, 54767
What are the prime factors of 3039909?
3, 619, 1637
List the prime factors of 450309.
3, 367, 409
List the prime factors of 20057278.
2, 1279, 7841
What are the prime factors of 3792073?
3792073
What are the prime factors of 5768469?
3, 7, 23, 1327
What are the prime factors of 11548?
2, 2887
List the prime factors of 76555.
5, 61, 251
List the prime factors of 27649797.
3, 7, 1316657
What are the prime factors of 1136460?
2, 3, 5, 13, 31, 47
What are the prime factors of 579755?
5, 11, 83, 127
List the prime factors of 2332047.
3, 777349
List the prime factors of 18524.
2, 11, 421
List the prime factors of 1839314.
2, 19, 97, 499
List the prime factors of 640955.
5, 7, 18313
List the prime factors of 3364210.
2, 5, 23, 14627
What are the prime factors of 2565200?
2, 5, 11, 53
What are the prime factors of 26184433?
11, 61, 39023
List the prime factors of 1272612.
2, 3, 11, 31, 311
List the prime factors of 102445.
5, 7, 2927
What are the prime factors of 32887825?
5, 53, 24821
What are the prime factors of 4528749?
3, 17, 88799
What are the prime factors of 1268437?
149, 8513
List the prime factors of 11413391.
11, 53, 19577
What are the prime factors of 7557650?
2, 5, 151153
List the prime factors of 13377195.
3, 5, 13, 1759
What are the prime factors of 20835209?
20835209
List the prime factors of 22164071.
83, 267037
What are the prime factors of 6072774?
2, 3, 17, 29, 2053
List the prime factors of 183481.
17, 43, 251
List the prime factors of 4233296.
2, 264581
List the prime factors of 3638899.
11, 19, 23, 757
List the prime factors of 3261596.
2, 13, 62723
What are the prime factors of 280633?
29, 9677
What are the prime factors of 7940?
2, 5, 397
List the prime factors of 5530674.
2, 3, 921779
What are the prime factors of 616343?
7, 13, 521
List the prime factors of 4611258.
2, 3, 256181
What are the prime factors of 329810?
2, 5, 13, 43, 59
List the prime factors of 413398.
2, 206699
What are the prime factors of 27827173?
11, 53, 59, 809
What are the prime factors of 164402?
2, 7, 11743
What are the prime factors of 19401307?
19401307
What are the prime factors of 12741243?
3, 4247081
What are the prime factors of 15061151?
7, 2151593
What are the prime factors of 788719?
788719
What are the prime factors of 4111609?
101, 40709
List the prime factors of 2417463.
3, 268607
What are the prime factors of 778637?
127, 6131
List the prime factors of 4637924.
2, 53, 131, 167
List the prime factors of 209207.
131, 1597
What are the prime factors of 290735?
5, 58147
List the prime factors of 1309820.
2, 5, 79, 829
Li